 of 16665 and 75?
15
Calculate the highest common divisor of 9212 and 8225.
329
What is the highest common factor of 245396 and 3224?
124
Calculate the greatest common divisor of 296 and 1850.
74
Calculate the highest common factor of 12375 and 75285.
45
Calculate the greatest common factor of 2598280 and 680.
680
What is the greatest common divisor of 2560740 and 294?
294
What is the greatest common factor of 66176 and 564?
188
Calculate the greatest common divisor of 72 and 26955.
9
What is the greatest common divisor of 6 and 2798?
2
What is the greatest common divisor of 122882 and 2?
2
What is the highest common factor of 87280 and 48?
16
Calculate the highest common factor of 56145 and 475.
95
Calculate the greatest common factor of 275 and 3720805.
55
Calculate the greatest common factor of 1034958 and 724.
362
Calculate the highest common factor of 72 and 31644.
36
What is the highest common factor of 120 and 14230?
10
Calculate the greatest common factor of 68 and 12568.
4
What is the highest common factor of 195 and 375?
15
What is the greatest common divisor of 900 and 980?
20
What is the highest common factor of 1560 and 65325?
195
Calculate the greatest common factor of 20 and 2883250.
10
Calculate the greatest common factor of 2208 and 4443600.
1104
What is the greatest common divisor of 549 and 5435649?
549
Calculate the greatest common factor of 96164 and 116.
116
What is the greatest common divisor of 8052 and 592188?
732
What is the highest common divisor of 49897 and 4387?
41
What is the greatest common factor of 250 and 982550?
50
Calculate the greatest common divisor of 165853 and 437.
23
What is the greatest common factor of 4 and 502629?
1
What is the greatest common divisor of 6169 and 23681?
199
Calculate the greatest common factor of 2507 and 667.
23
Calculate the highest common factor of 320394 and 6.
6
Calculate the highest common divisor of 48 and 10284.
12
Calculate the greatest common factor of 873999 and 126.
63
What is the greatest common factor of 3225 and 5289?
129
What is the greatest common divisor of 40138 and 376?
94
Calculate the greatest common divisor of 34816 and 249696.
544
What is the greatest common factor of 37415 and 28?
7
What is the highest common factor of 360 and 39816?
72
Calculate the highest common divisor of 77 and 125004.
11
What is the highest common factor of 4818 and 1056?
66
What is the highest common factor of 114 and 226?
2
Calculate the greatest common factor of 18620 and 7410.
190
What is the highest common factor of 7 and 773983?
7
Calculate the greatest common divisor of 441 and 155727.
9
Calculate the highest common divisor of 140 and 3578680.
140
What is the greatest common divisor of 421242 and 6?
6
What is the greatest common factor of 70 and 440650?
70
What is the greatest common factor of 1012 and 33212?
92
Calculate the highest common divisor of 51919 and 35.
7
Calculate the highest common divisor of 1956482 and 452.
226
What is the greatest common divisor of 243492 and 60?
12
What is the greatest common factor of 229491 and 1935?
387
What is the highest common divisor of 25080 and 1265?
55
Calculate the greatest common divisor of 152 and 8056.
152
Calculate the greatest common divisor of 2356820 and 8.
4
Calculate the greatest common factor of 51 and 9365283.
51
Calculate the highest common divisor of 12400 and 38816.
16
What is the greatest common divisor of 6401770 and 178?
178
Calculate the highest common factor of 8470 and 50215.
605
Calculate the greatest common divisor of 78 and 904878.
78
Calculate the highest common divisor of 4961 and 253.
11
What is the highest common divisor of 52647 and 17388?
483
Calculate the highest common factor of 188820 and 72.
36
What is the greatest common factor of 147456 and 18?
18
What is the greatest common factor of 2 and 5347?
1
What is the greatest common factor of 430381 and 7?
7
Calculate the highest common divisor of 295 and 102483.
59
What is the greatest common divisor of 145 and 154135?
145
What is the greatest common divisor of 188362 and 1?
1
What is the highest common factor of 13716 and 245618?
254
What is the highest common divisor of 189 and 474093?
27
Calculate the greatest common factor of 16940 and 910.
70
Calculate the highest common factor of 4531 and 2599.
23
What is the greatest common divisor of 22848 and 935?
17
What is the greatest common divisor of 464 and 442424?
232
Calculate the highest common factor of 1605 and 7811.
107
What is the highest common factor of 1078 and 343882?
1078
What is the greatest common divisor of 282 and 66834?
282
What is the highest common divisor of 900 and 103900?
100
What is the greatest common divisor of 295 and 185?
5
What is the greatest common divisor of 48320 and 2240?
320
Calculate the highest common divisor of 1466406 and 82.
82
Calculate the highest common divisor of 52206 and 12.
6
What is the highest common factor of 4912 and 218891?
307
Calculate the greatest common factor of 149951 and 565.
113
What is the highest common divisor of 57 and 23598?
57
Calculate the highest common divisor of 2152255 and 15.
5
What is the highest common divisor of 229338 and 3151?
137
What is the highest common factor of 4104 and 1134?
54
What is the highest common factor of 416 and 38336?
32
What is the highest common factor of 9 and 36171?
9
What is the highest common divisor of 284869 and 2873?
221
What is the greatest common divisor of 2519 and 53691?
11
Calculate the greatest common divisor of 9367 and 493.
493
Calculate the greatest common divisor of 471 and 1850559.
471
What is the highest common factor of 2777312 and 3790?
758
What is the greatest common divisor of 1269 and 21?
3
Calculate the highest common factor of 7 and 1269814.
7
What is the highest common factor of 52234 and 14391?
533
Calculate the greatest common factor of 10564 and 31046.
38
Calculate the greatest common divisor of 51 and 192.
3
What is the highest common divisor of 473209 and 33?
11
What is the greatest common factor of 25926 and 30102?
174
Calculate the highest common factor of 76720 and 210.
70
Calculate the greatest common factor of 10665 and 3915.
135
Calculate the highest common divisor of 116840 and 70840.
920
What is the highest common divisor of 1526 and 7042?
14
Calculate the greatest common factor of 11735 and 80.
5
What is the highest common divisor of 6201 and 208?
13
Calculate the greatest common divisor of 1488 and 8976.
48
What is the greatest common factor of 900 and 560325?
75
What is the highest common divisor of 7750 and 34250?
250
What is the greatest common divisor of 4242 and 44945?
101
What is the greatest common factor of 336 and 276528?
336
Calculate the greatest common factor of 17948 and 16.
4
Calculate the highest common divisor of 233818 and 15470.
442
Calculate the greatest common factor of 2412370 and 50.
10
What is the greatest common divisor of 27740 and 2044?
292
Calculate the highest common divisor of 120 and 130056.
24
What is the greatest common divisor of 1255 and 30371?
251
Calculate the greatest common factor of 12529 and 14773.
187
What is the highest common factor of 20 and 3041560?
20
What is the highest common divisor of 265760 and 176?
176
What is the greatest common factor of 92 and 42044?
92
What is the greatest common divisor of 2711839 and 337?
337
Calculate the greatest common divisor of 56682 and 1809.
603
What is the highest common divisor of 150119 and 133?
19
Calculate the greatest common factor of 369776 and 9328.
176
What is the greatest common divisor of 146636 and 728?
28
What is the greatest common factor of 90246 and 52?
26
What is the highest common divisor of 646 and 1520?
38
Calculate the greatest common factor of 85716 and 2220.
12
What is the highest common divisor of 191036 and 28?
4
What is the greatest common divisor of 20440 and 200?
40
What is the greatest common divisor of 2057 and 2533?
17
What is the highest common factor of 12 and 58602?
6
Calculate the highest common divisor of 6480 and 837.
27
What is the highest common divisor of 256848 and 6?
6
What is the highest common factor of 8 and 76?
4
What is the greatest common factor of 144 and 49986?
18
Calculate the highest common divisor of 73558 and 14.
2
Calculate the gr